Let n be (-12)/(-42) - (-5394)/(-14). Let x = -370 - n. Calculate the highest common factor of x and p.
15
Let p = 4451 + 8526. Calculate the greatest common factor of p and 19.
19
Suppose -5*w = 5*x - 80, -2*w + 0*w = -4*x - 32. Let k be (12/(-5))/(2/(-10)). Let c = w + k. Calculate the greatest common factor of 168 and c.
28
Suppose 6 = s - 4*s - 3*o, 0 = -4*s - 2*o. Let m be -1 + s - (4 - (0 + -5)). Let w = m - -28. What is the highest common factor of 20 and w?
20
Let i(y) be the first derivative of -y**4 - y**3/3 - 13*y**2/2 - 7*y - 7. Let g be i(-3). Let w = -87 + g. What is the greatest common factor of 33 and w?
11
Let x be (-3)/((-24)/608*4)*5. Calculate the greatest common divisor of x and 2375.
95
Suppose 39*h + 35*h - 2*h = 95472. Calculate the highest common factor of 182 and h.
26
Suppose 0 = 2*n - 23 - 87. Let v = n - 45. Calculate the highest common divisor of v and 110.
10
Let h be -1 - (-23)/((-529)/(-9131)). What is the highest common factor of 748 and h?
44
Let t(w) = 14*w**2 - 2. Let y be t(-1). Suppose 48 - y = 2*i. What is the greatest common divisor of 12 and i?
6
Let y be (-68)/(-8) + 2 - (-7)/(-14). Suppose y*l - 52 = 8. What is the highest common factor of 3 and l?
3
Let m = -62 + 90. Suppose -1701 = 16908*k - 16989*k. What is the highest common divisor of m and k?
7
Let f be (-180 - -110)*131*(-3)/6. What is the highest common divisor of 105 and f?
35
Let l = 19890 + -17028. Calculate the greatest common factor of l and 216.
54
Let n be 4/(-2)*1*-8. Let g(a) = 2*a**3 - 22*a**2 - 21*a - 16. Let p be g(12). What is the highest common divisor of p and n?
4
Suppose -4*p - 4*r + 737 = r, -5*r - 509 = -3*p. Calculate the highest common factor of p and 16910.
178
Let g(k) = k**3 + 3*k + 6. Suppose -3*x = -0*x - 4*x. Let o be g(x). Let d be ((-77)/66)/((-1)/o). What is the highest common divisor of 77 and d?
7
Let s = 1154 + -1145. Suppose -6*l = -2*l - 36. Calculate the highest common factor of l and s.
9
Let y = -2488 - -2579. Calculate the highest common divisor of y and 442.
13
Let s be 64/(-70) - 1242/(-1035) - (-67322)/14. What is the highest common divisor of 63 and s?
21
Let r be 1 + (-14 + 36 - (18 - 6)). Calculate the highest common factor of 56309 and r.
11
Suppose 0 = -f - 3*z + 596, 3*f - 57*z = -53*z + 1853. What is the greatest common divisor of f and 39?
13
Let r(d) = -d**2 + 20*d + 2*d**2 + 7 + 11. Suppose 5*o + 80 = 4*a, o - 2*a = -6 - 4. Let f be r(o). Calculate the greatest common divisor of 27 and f.
9
Suppose -20 = 13*i - 18*i. Suppose -4*p - 5*f + 38 = 4, 3*f = -i*p + 38. What is the highest common factor of 11 and p?
11
Let p(h) = 7*h**2 + 75. Let o(w) = -5*w**2 - 77. Let u(r) = -6*o(r) - 4*p(r). Let q be u(0). Calculate the greatest common divisor of 81 and q.
81
Let k = -382 - -385. Suppose 5*h - k*h = -2*a + 14, -h + a = -5. What is the highest common divisor of h and 9?
3
Suppose -3*q - 191 = a, -2*a - 455 + 46 = -3*q. Let p = 230 + a. What is the greatest common divisor of p and 150?
30
Suppose p + 42 = -2*s - 7, p - s = -55. Let j(l) = 10*l - 6. Let z be j(-3). Let m = z - p. Calculate the highest common divisor of m and 51.
17
Let q be 45 - (2 - 2)/(3 - 1). Let d = q + -39. Suppose 0 = 9*r - d - 66. What is the highest common divisor of 1 and r?
1
Suppose 0 = -56*i + 49 + 791. Suppose -i*v + 80 + 340 = 0. Calculate the greatest common divisor of 322 and v.
14
Let a = -90 - -95. Suppose a*l + 2*b = 350, 25 = -7*b + 2*b. Suppose -15 = 4*h - 51. What is the highest common factor of l and h?
9
Suppose 14*d + 1127 = 3*z + 9*d, 4*z - 3*d = 1521. What is the highest common divisor of z and 136?
8
Suppose 0 = -4*p - 5*p + 18. Suppose 3*g - 4*x = p*g + 2, 8 = 4*g + 3*x. Suppose -5*u = g*u - 833. What is the highest common divisor of u and 17?
17
Let v(a) = -5*a + 2*a - a**3 + 4*a**2 - 3*a**2. Let i be v(-3). Let m = i + -12. What is the greatest common factor of m and 11?
11
Let k(s) = s**3 + 9*s**2 + 12*s - 8. Let i be k(-6). Suppose -i*d + 19 = -29*d. Let a = -13 - d. What is the greatest common factor of a and 18?
6
Suppose 4*d + 79 = 95. Let l be 6*d/(-16) - 99/(-18). Let n be 116/6 - 8/(-12). Calculate the greatest common factor of n and l.
4
Suppose -2*a + 1 - 3 = 0, a = -s + 2. Suppose -3*k + 3 = s*b, -2*b - 2*b = -5*k + 32. Suppose 82 = k*m - 26. Calculate the highest common factor of 189 and m.
27
Suppose -6*s - 3*r = -2*s + 300, 3*s - 5*r = -254. Let d = 143 + s. Let u = -57 + d. Calculate the highest common divisor of 4 and u.
4
Let c = -986 + 1343. Calculate the greatest common factor of 952 and c.
119
Let q(d) = -7*d - 12. Let w be q(-2). Let f be (-2 - 0) + 12 + w/2. Calculate the greatest common divisor of 11 and f.
11
Let w(n) = n**3 + 8*n**2 + 7*n + 11. Let g be (84/(-49))/(1 + 20/(-28)). Let y be w(g). What is the highest common divisor of 205 and y?
41
Suppose 29*b = 23*b - 84. Let f be 703/133 - (1 - (-10)/b). Suppose 4*t = f*t - 70. Calculate the highest common divisor of t and 14.
14
Suppose c = -2*d + 1257, 4*c = -5*d + 5*c + 3153. Calculate the highest common factor of 490 and d.
70
Let a be ((-4)/(-5))/(((-21)/(-9))/(665/114)). Suppose 2*y = c - 68, -4*c = 2*y - 4*y - 290. What is the highest common divisor of c and a?
2
Suppose -244*w = -247*w + 9. Suppose -2*b = w*i - 5*b - 795, 0 = 2*i + 5*b - 537. What is the highest common factor of i and 14?
14
Let p(n) = 3160*n**2 - 48*n - 138. Let c be p(-3). What is the highest common factor of 66 and c?
66
Suppose 0 = -2*s - 5*v, 2 = s + 3*v - 0. Let g = s - -33. Let u be -23*6/12*-2. What is the highest common divisor of g and u?
23
Suppose 2*z - 81 + 33 = 0. Let y = -5 + 7. Let i be z - (-3)/(-3)*2/y. Calculate the greatest common factor of i and 46.
23
Let j = 357 + -318. Let s be 32/208 + 3738/j. Calculate the greatest common divisor of 4 and s.
4
Let m = -64 + 65. Suppose 8 + 9 = w. What is the highest common factor of m and w?
1
Suppose f = 6555 + 5715. Calculate the highest common factor of f and 15.
15
Let q be (-34 + 114)*2/5. Calculate the greatest common divisor of q and 1744.
16
Let k = 36 + 3. Suppose -3*j - 2652 = -4*l, 4*j = 4*l - 7*l + 1989. Calculate the highest common factor of k and l.
39
Suppose -45 = 4*d - 5*d. Suppose 4*t - 11*t - 42 = 0. Let x = t + 36. Calculate the highest common divisor of d and x.
15
Suppose 22*c = 440 + 550. Let a be (-1316)/(-3) - 75/c. Calculate the greatest common factor of 19 and a.
19
Let w be (-4)/10 + 3*67/15. Let t = w - 9. Calculate the highest common divisor of 4 and t.
4
Suppose 0 = -48*z + 28341 + 1851. Let o = 1084 - z. What is the highest common divisor of o and 35?
35
Let c(l) = -213*l**2 + 2*l + 6. Let s be c(-2). Let h = -445 - s. Let z be ((-8)/20 - (-4)/(-40))*-90. What is the highest common divisor of z and h?
45
Let d(g) = -320*g + 2945. Let r be d(9). What is the highest common factor of r and 5785?
65
Let t = -4310 + 5556. Calculate the highest common factor of t and 126.
14
Let p = 111 - 96. Calculate the highest common factor of 24 and p.
3
Let z be 0/8*4/12. Suppose p + 5*p = z. Let i be 40/(((-8)/(-44) + p)/1). What is the greatest common factor of 88 and i?
44
Let c be 15 - (-113 + 10)*7. What is the highest common factor of 69 and c?
23
Let l be (5958/396 - (-6)/(-11)) + (-3)/6. Suppose -4*j + 618 = 5*h, j + 84 = 2*h - 171. Calculate the greatest common divisor of l and h.
14
Let f = 8009 - 4257. Calculate the greatest common divisor of 280 and f.
56
Suppose 0 = -w - 0*w + 11. Let u(k) = -k**3 + 12*k**2 - 4*k - 8. Let j be u(11). Let f = j - 68. What is the greatest common factor of f and w?
1
Let a(u) = -13*u + 13. Let h be a(1). Let b be (h - 16/6)*-27. What is the greatest common factor of 72 and b?
72
Let x(t) = -260*t - 530. Let u be x(-8). What is the highest common divisor of u and 100?
50
Let i(l) = -l**3 + 9*l**2 + 14*l - 14. Let u be i(10). Let c(s) = 3*s**3 - 54*s**2 + 53*s - 32. Let d be c(17). Calculate the greatest common factor of d and u.
2
Let k(q) = q**3 + 20*q**2 + 18*q - 9. Let r be k(-19). Suppose r*d - 33 = 7*d. Suppose 0*f = -5*f + 5. Calculate the highest common divisor of f and d.
1
Suppose 2009 = 173*h - 124*h. Calculate the greatest common factor of h and 2.
1
Let k(m) = -m**3 + 15*m**2 + 36*m - 11. Let x be k(17). Suppose d - x*d